is the thousands digit of 100677811?
7
What is the thousands digit of 331912350?
2
What is the hundred thousands digit of 7230157120?
1
What is the tens digit of 217734662?
6
What is the thousands digit of 100038391?
8
What is the ten thousands digit of 7349437?
4
What is the units digit of 430504789?
9
What is the millions digit of 414843558?
4
What is the hundreds digit of 31493686?
6
What is the ten thousands digit of 102088978?
8
What is the hundreds digit of 1630992137?
1
What is the units digit of 99595933?
3
What is the units digit of 1906118030?
0
What is the hundreds digit of 102245160?
1
What is the ten thousands digit of 40845974?
4
What is the ten millions digit of 1836234132?
3
What is the tens digit of 78924370?
7
What is the hundred thousands digit of 1279340944?
3
What is the tens digit of 182990924?
2
What is the millions digit of 22511310?
2
What is the ten thousands digit of 671387045?
8
What is the units digit of 1497574020?
0
What is the millions digit of 48231413?
8
What is the hundred millions digit of 1090194705?
0
What is the units digit of 66143099?
9
What is the hundred thousands digit of 2391262611?
2
What is the ten thousands digit of 53122405?
2
What is the hundred thousands digit of 2516489?
5
What is the millions digit of 2185305643?
5
What is the tens digit of 452175814?
1
What is the millions digit of 191199451?
1
What is the tens digit of 733409339?
3
What is the tens digit of 44246159?
5
What is the hundreds digit of 197306438?
4
What is the ten thousands digit of 3244859625?
5
What is the units digit of 50088118?
8
What is the thousands digit of 1437788681?
8
What is the ten millions digit of 1035809796?
3
What is the ten millions digit of 2181477738?
8
What is the hundreds digit of 50435945?
9
What is the ten thousands digit of 27436588?
3
What is the billions digit of 2412498524?
2
What is the tens digit of 646588126?
2
What is the units digit of 52973988?
8
What is the ten millions digit of 1706338649?
0
What is the millions digit of 4674950253?
4
What is the ten thousands digit of 4368917652?
1
What is the hundred thousands digit of 1464141844?
1
What is the thousands digit of 470327150?
7
What is the ten millions digit of 120261898?
2
What is the tens digit of 190524?
2
What is the ten thousands digit of 262997231?
9
What is the ten thousands digit of 266782756?
8
What is the units digit of 284886159?
9
What is the ten millions digit of 76072745?
7
What is the millions digit of 793830837?
3
What is the units digit of 8994118?
8
What is the ten thousands digit of 112834480?
3
What is the tens digit of 75587975?
7
What is the ten millions digit of 332442035?
3
What is the units digit of 15550684?
4
What is the millions digit of 224488658?
4
What is the hundreds digit of 331432754?
7
What is the hundred millions digit of 690451529?
6
What is the ten millions digit of 1327266938?
2
What is the hundreds digit of 1779654635?
6
What is the ten thousands digit of 63143447?
4
What is the thousands digit of 331522139?
2
What is the hundreds digit of 330827053?
0
What is the thousands digit of 36589630?
9
What is the thousands digit of 156483339?
3
What is the millions digit of 709991816?
9
What is the millions digit of 70910514?
0
What is the ten millions digit of 63809460?
6
What is the hundred millions digit of 170173834?
1
What is the millions digit of 510640994?
0
What is the ten thousands digit of 73869307?
6
What is the hundreds digit of 189938650?
6
What is the hundred millions digit of 1700921225?
7
What is the thousands digit of 2715174546?
4
What is the hundred thousands digit of 3592905883?
9
What is the millions digit of 10927014?
0
What is the thousands digit of 1372037079?
7
What is the units digit of 971657646?
6
What is the hundred millions digit of 494467287?
4
What is the millions digit of 1323166539?
3
What is the units digit of 322497623?
3
What is the ten millions digit of 1567688304?
6
What is the hundred millions digit of 1773161979?
7
What is the units digit of 6468669328?
8
What is the ten thousands digit of 45854074?
5
What is the thousands digit of 20436548?
6
What is the hundred thousands digit of 13798632?
7
What is the units digit of 204093261?
1
What is the hundreds digit of 4159265?
2
What is the thousands digit of 284468356?
8
What is the ten millions digit of 99893094?
9
What is the ten thousands digit of 21461518?
6
What is the tens digit of 2392361330?
3
What is the hundred millions digit of 1624881172?
6
What is the hundreds digit of 240049601?
6
What is the hundreds digit of 62913071?
0
What is the units digit of 42041899?
9
What is the millions digit of 262948872?
2
What is the hundred millions digit of 3061650861?
0
What is the thousands digit of 3520564629?
4
What is the tens digit of 59894256?
5
What is the units digit of 23002840?
0
What is the units digit of 106111903?
3
What is the ten thousands digit of 5789342?
8
What is the ten thousands digit of 527633755?
3
What is the ten millions digit of 673984246?
7
What is the hundred thousands digit of 5603855550?
8
What is the millions digit of 11411068?
1
What is the ten millions digit of 136033170?
3
What is the tens digit of 31374516?
1
What is the hundred millions digit of 141849343?
1
What is the ten thousands digit of 280290284?
9
What is the tens digit of 67480664?
6
What is the millions digit of 7131068?
7
What is the millions digit of 85511651?
5
What is the hundreds digit of 83413451?
4
What is the millions digit of 8643307?
8
What is the ten millions digit of 45723772?
4
What is the hundreds digit of 382948480?
4
What is the units digit of 226230555?
5
What is the hundred millions digit of 142483825?
1
What is the thousands digit of 1548510434?
0
What is the thousands digit of 1335414211?
4
What is the ten millions digit of 252746522?
5
What is the millions digit of 3727181794?
7
What is the ten thousands digit of 551972670?
7
What is the hundreds digit of 2082598750?
7
What is the billions digit of 1047305804?
1
What is the hundreds digit of 66571426?
4
What is the tens digit of 3432885011?
1
What is the tens digit of 557135765?
6
What is the ten thousands digit of 229310361?
1
What is the ten millions digit of 2562745124?
6
What is the millions digit of 409336458?
9
What is the ten thousands digit of 149849836?
4
What is the thousands digit of 2470007092?
7
What is the ten millions digit of 40987147?
4
What is the thousands digit of 466603860?
3
What is the units digit of 319826100?
0
What is the thousands digit of 3375706569?
6
What is the hundreds digit of 1158467046?
0
What is the ten millions digit of 22102625?
2
What is the thousands digit of 60344688?
4
What is the ten thousands digit of 174704351?
0
What is the thousands digit of 3281600371?
0
What is the tens digit of 2103503?
0
What is the millions digit of 1033233567?
3
What is the millions digit of 38122078?
8
What is the hundred millions digit of 525028083?
5
What is the billions digit of 4222516369?
4
What is the billions digit of 3809966647?
3
What is the hundred millions digit of 227393471?
2
What is the ten thousands digit of 105365416?
6
What is the ten thousands digit of 99924842?
2
What is the ten millions digit of 149976439?
4
What is the hundred millions digit of 178023236?
1
What is the hundred millions digit of 240481987?
2
What is the thousands digit of 1749183436?
3
What is the millions digit of 290918162?
0
What is the units digit of 14466029?
9
What is the thousands digit of 18764201?
4
What is the billions digit of 8992337349?
8
What is the thousands digit of 281321924?
1
What is the units digit of 973352973?
3
What is the thousands digit of 397376853?
6
What is the tens digit of 571040025?
2
What is the ten thousands digit of 568590199?
9
What is the hundred thousands digit of 251222116?
2
What is the ten millions digit of 40243525?
4
What is the units digit of 97643732?
2
What is the billions digit of 1757699866?
1
What is the hundred millions digit of 203059672?
2
What is the hundreds digit of 9943557?
5
What is the billions digit of 4548870841?
4
What is the millions digit of 2559747567?
9
What is the hundred thousands digit of 1643999504?
9
What is the units digit of 924484032?
2
What is the ten millions digit of 836252101